
3, 89
List the prime factors of 12724.
2, 3181
What are the prime factors of 17902?
2, 8951
List the prime factors of 1104.
2, 3, 23
List the prime factors of 544.
2, 17
What are the prime factors of 106847?
13, 8219
What are the prime factors of 6460?
2, 5, 17, 19
What are the prime factors of 15268?
2, 11, 347
List the prime factors of 67787.
53, 1279
List the prime factors of 1913.
1913
List the prime factors of 5958.
2, 3, 331
List the prime factors of 4536.
2, 3, 7
What are the prime factors of 1599?
3, 13, 41
What are the prime factors of 105519?
3, 17, 2069
What are the prime factors of 428?
2, 107
What are the prime factors of 9009?
3, 7, 11, 13
What are the prime factors of 2421?
3, 269
List the prime factors of 6495.
3, 5, 433
List the prime factors of 23359.
7, 47, 71
What are the prime factors of 10833?
3, 23, 157
What are the prime factors of 50751?
3, 5639
List the prime factors of 1419.
3, 11, 43
What are the prime factors of 34?
2, 17
What are the prime factors of 3550?
2, 5, 71
List the prime factors of 18401.
18401
List the prime factors of 10732.
2, 2683
List the prime factors of 12.
2, 3
List the prime factors of 92821.
92821
What are the prime factors of 1114?
2, 557
What are the prime factors of 25592?
2, 7, 457
List the prime factors of 140830.
2, 5, 14083
List the prime factors of 4782.
2, 3, 797
What are the prime factors of 16041?
3, 5347
List the prime factors of 6736.
2, 421
What are the prime factors of 186?
2, 3, 31
What are the prime factors of 3466?
2, 1733
List the prime factors of 41279.
7, 5897
What are the prime factors of 8951?
8951
List the prime factors of 137485.
5, 31, 887
What are the prime factors of 8741?
8741
What are the prime factors of 936?
2, 3, 13
List the prime factors of 14434.
2, 7, 1031
What are the prime factors of 104349?
3, 7, 4969
List the prime factors of 1257.
3, 419
List the prime factors of 10412.
2, 19, 137
List the prime factors of 41597.
41597
What are the prime factors of 25740?
2, 3, 5, 11, 13
What are the prime factors of 135268?
2, 7, 4831
What are the prime factors of 8945?
5, 1789
List the prime factors of 7727.
7727
What are the prime factors of 102834?
2, 3, 29, 197
What are the prime factors of 29041?
113, 257
What are the prime factors of 1324?
2, 331
List the prime factors of 2530.
2, 5, 11, 23
List the prime factors of 70468.
2, 79, 223
What are the prime factors of 44289?
3, 7, 19, 37
List the prime factors of 15260.
2, 5, 7, 109
What are the prime factors of 901?
17, 53
List the prime factors of 8932.
2, 7, 11, 29
What are the prime factors of 92335?
5, 59, 313
What are the prime factors of 993?
3, 331
List the prime factors of 1393.
7, 199
List the prime factors of 8684.
2, 13, 167
List the prime factors of 3978.
2, 3, 13, 17
What are the prime factors of 133844?
2, 33461
What are the prime factors of 2561?
13, 197
What are the prime factors of 2778?
2, 3, 463
List the prime factors of 7776.
2, 3
What are the prime factors of 20141?
11, 1831
What are the prime factors of 12372?
2, 3, 1031
List the prime factors of 360.
2, 3, 5
What are the prime factors of 1836?
2, 3, 17
List the prime factors of 9897.
3, 3299
What are the prime factors of 98288?
2, 6143
List the prime factors of 4494.
2, 3, 7, 107
What are the prime factors of 26255?
5, 59, 89
What are the prime factors of 775?
5, 31
What are the prime factors of 107?
107
List the prime factors of 3231.
3, 359
What are the prime factors of 13803?
3, 43, 107
List the prime factors of 386.
2, 193
What are the prime factors of 94042?
2, 13, 3617
List the prime factors of 16570.
2, 5, 1657
What are the prime factors of 23658?
2, 3, 3943
What are the prime factors of 1823?
1823
What are the prime factors of 57138?
2, 3, 89, 107
What are the prime factors of 50325?
3, 5, 11, 61
List the prime factors of 4103.
11, 373
List the prime factors of 50669.
23, 2203
What are the prime factors of 1219?
23, 53
List the prime factors of 13732.
2, 3433
What are the prime factors of 146302?
2, 13, 17, 331
List the prime factors of 7894.
2, 3947
List the prime factors of 11957.
11, 1087
List the prime factors of 119254.
2, 59627
What are the prime factors of 411?
3, 137
List the prime factors of 6412.
2, 7, 229
List the prime factors of 503.
503
What are the prime factors of 5252?
2, 13, 101
List the prime factors of 19477.
19477
What are the prime factors of 24720?
2, 3, 5, 103
List the prime factors of 1391.
13, 107
List the prime factors of 4128.
2, 3, 43
What are the prime factors of 4444?
2, 11, 101
What are the prime factors of 7187?
7187
List the prime factors of 49408.
2, 193
List the prime factors of 25898.
2, 23, 563
List the prime factors of 91.
7, 13
What are the prime factors of 51046?
2, 25523
What are the prime factors of 176965?
5, 35393
What are the prime factors of 21620?
2, 5, 23, 47
List the prime factors of 189.
3, 7
What are the prime factors of 187338?
2, 3, 31223
What are the prime factors of 195574?
2, 97787
What are the prime factors of 3222?
2, 3, 179
List the prime factors of 3197.
23, 139
List the prime factors of 4655.
5, 7, 19
What are the prime factors of 10688?
2, 167
What are the prime factors of 30975?
3, 5, 7, 59
List the prime factors of 186597.
3, 6911
List the prime factors of 13732.
2, 3433
List the prime factors of 305.
5, 61
What are the prime factors of 1626?
2, 3, 271
List the prime factors of 41210.
2, 5, 13, 317
What are the prime factors of 48880?
2, 5, 13, 47
What are the prime factors of 438?
2, 3, 73
What are the prime factors of 2940?
2, 3, 5, 7
What are the prime factors of 2215?
5, 443
List the prime factors of 3088.
2, 193
What are the prime factors of 127019?
71, 1789
List the prime factors of 25173.
3, 2797
List the prime factors of 2218.
2, 1109
List the prime factors of 56544.
2, 3, 19, 31
List the prime factors of 42844.
2, 10711
What are the prime factors of 5173?
7, 739
What are the prime factors of 37294?
2, 29, 643
What are the prime factors of 1575?
3, 5, 7
What are the prime factors of 8457?
3, 2819
List the prime factors of 10534.
2, 23, 229
List the prime factors of 18109.
7, 13, 199
What are the prime factors of 4886?
2, 7, 349
List the prime factors of 1017.
3, 113
List the prime factors of 2614.
2, 1307
What are the prime factors of 35?
5, 7
What are the prime factors of 1519?
7, 31
What are the prime factors of 852?
2, 3, 71
What are the prime factors of 38009?
191, 199
What are the prime factors of 1895?
5, 379
What are the prime factors of 1990?
2, 5, 199
List the prime factors of 6424.
2, 11, 73
What are the prime factors of 3793?
3793
What are the prime factors of 1685?
5, 337
List the prime factors of 11742.
2, 3, 19, 103
List the prime factors of 13010.
2, 5, 1301
List the prime factors of 659.
659
List the prime factors of 4354.
2, 7, 311
What are the prime factors of 1770?
2, 3, 5, 59
What are the prime factors of 10229?
53, 193
What are the prime factors of 224?
2, 7
List the prime factors of 5089.
7, 727
What are the prime factors of 8194?
2, 17, 241
List the prime factors of 113054.
2, 56527
List the prime factors of 5090.
2, 5, 509
What are the prime factors of 24874?
2, 12437
What are the prime factors of 15340?
2, 5, 13, 59
What are the prime factors of 10576?
2, 661
List the prime factors of 99366.
2, 3, 16561
What are the prime factors of 1474?
2, 11, 67
List the prime factors of 2370.
2, 3, 5, 79
What are the prime factors of 2373?
3, 7, 113
List the prime factors of 88826.
2, 23, 1931
What are the prime factors of 26173?
7, 3739
List the prime factors of 6462.
2, 3, 359
List the prime factors of 267.
3, 89
List the prime factors of 405.
3, 5
List the prime factors of 21873.
3, 23, 317
List the prime factors of 7845.
3, 5, 523
List the prime factors of 6897.
3, 11, 19
List the prime factors of 932.
2, 233
List the prime factors of 2103.
3, 701
List the prime factors of 27.
3
List the prime factors of 24492.
2, 3, 13, 157
What are the prime factors of 10282?
2, 53, 97
What are the prime factors of 3980?
2, 5, 199
What are the prime factors of 1042?
2, 521
List the prime factors of 6287.
6287
What are the prime factors of 42880?
2, 5, 67
List the prime factors of 32936.
2, 23, 179
What are the prime factors of 9582?
2, 3, 1597
List the prime f